 2*z = 2*p - 16. Calculate the greatest common divisor of c and p.
10
Suppose -3*m + 32618 = 2*t, -12951 - 3354 = -t - m. What is the highest common divisor of t and 43?
43
Suppose -5469*h - 4480 = -5693*h. Suppose -a + 5*a - 193 = 3*x, 0 = 5*a - 2*x - 250. What is the highest common divisor of a and h?
4
Suppose -4*l - 5*v - 3 = 0, -4*l + 14*v + 15 = 13*v. Suppose -u = -l*u - 5*j + 173, 5*u + 2*j = 485. What is the highest common factor of 231 and u?
33
Suppose -4*r - r - 2*b = -60, 4*b - 8 = -2*r. Let o be ((-60)/25)/(-6) + 138/5. Calculate the highest common factor of r and o.
14
Suppose 106*v = 102*v - 2*p + 406, -3*v + p + 297 = 0. What is the highest common factor of v and 9600?
100
Suppose 35 + 5 = -5*m. Let u be (9/6)/((-3)/m). Suppose s - 29 = -4*d, 41 - 14 = u*d - s. Calculate the highest common factor of d and 63.
7
Let p be (6 + 0)*(-6)/9. Let g be 19/38 - 274/p. Let q = 97 - g. What is the highest common factor of 196 and q?
28
Suppose 5*g + 4*a - 123 = 0, -3*a = -10 + 19. Let n(p) = -p**2 + 30*p - 69. Let v be n(g). Calculate the highest common divisor of 24 and v.
12
Let i be (-1)/(5/(-10)*-1). Let h be (0/(7 - 4))/i. Suppose h = -4*q - 0*q + 72. Calculate the greatest common divisor of q and 6.
6
Suppose 5*i = 2*i - 33. Let b = 20 + i. Suppose -3*k = -3*q - 93, 4*q + 83 = 3*k - q. Calculate the highest common divisor of k and b.
9
Suppose v = -0*v + 2, 0 = -4*o + v + 158. Suppose 0 = -595*u + 596*u - 500. Suppose 0 = 36*z - 11*z - u. Calculate the greatest common factor of z and o.
20
Suppose -4*r - 1264 = q - 1302, 2*q = -3*r + 51. Suppose -a = -2*a + 3*y + 60, 4*y = -2*a + 130. Calculate the highest common divisor of q and a.
9
Suppose 5*r - 7 = 8. Suppose 0 = r*m - 20 + 5. Suppose -23*v + 3320 = -6*v + 66*v. Calculate the highest common divisor of v and m.
5
Suppose -58*g = 21*g - 22 - 215. Calculate the highest common factor of 389 and g.
1
Let d(t) = -3*t**3 - 15*t**2 + 12*t - 15. Let g be d(-6). What is the greatest common factor of g and 9723?
21
Suppose -4*m - 6 = -14, 5*k + 7*m - 74 = 0. Let o = -914 + 1790. Calculate the greatest common divisor of o and k.
12
Suppose -2*b = 2*m - 4, 4*m + 4*b = m + 2. Suppose m*p + 759 = 9*p. Calculate the highest common divisor of p and 23.
23
Let c = 78951 + -78927. Suppose 0 = 4*q - 4*t - 260, 2*q = 4*t - 7*t + 135. Calculate the greatest common divisor of q and c.
6
Let q = -190 + 196. Let r(h) = h**2 + 5*h + 4. Let b be r(-2). Let x be 1/b*-70 + (-10)/5. What is the highest common divisor of q and x?
3
Suppose -4*a - 10 = -3*c, -2*a = -2*c + 5 + 5. Let u be (477/6)/((-5)/c*-1). Calculate the highest common factor of 3 and u.
3
Let g(s) = 2*s**2 + 5*s + 4. Let v be g(-2). Suppose 2*u - 8 = -v*f, -f = 9*u - 7*u - 7. What is the highest common divisor of u and 24?
3
Suppose 310*b - 287*b = 437. Suppose 2792 + 248 = 5*n. What is the highest common divisor of n and b?
19
Let i = -32448 + 32458. What is the highest common factor of i and 37670?
10
Suppose 5*g = -4*s + 240, 2*g - 4 = 4. Suppose 6*x = -s + 1. Let z be (x/6)/((-2)/72). Calculate the highest common factor of 36 and z.
18
Suppose 36*t - 687 - 41 = -80. Let x(d) = 14*d**2 - 4*d + 6. Let q be x(6). Calculate the highest common factor of t and q.
18
Suppose -4*i - 676 = -4*s, 4 + 6 = -5*i. Let b = s - 79. Calculate the highest common factor of 22 and b.
22
Let f(a) = -2*a**2 - 73*a + 68. Let q be f(-33). Let g = -203 + q. What is the greatest common divisor of g and 36?
12
Let i be (4/4 + -1)/2. Suppose 2*q - 14 = -i. Suppose -168 = -q*k + 5*k. What is the highest common divisor of 12 and k?
12
Suppose 0 = 37*h - 32*h + 1140. Let q be -1 + (-2 - -5) - (h - 0). What is the greatest common divisor of q and 92?
46
Let x be (-1 - -4) + 1 + 4580/10. Suppose -350*p + 347*p = -x. What is the highest common divisor of 56 and p?
14
Let u = -618 - -684. What is the highest common factor of 1078 and u?
22
Let n(j) = 5*j**2 - 15*j - 3. Let z be n(4). Suppose 14*q - z = -3. What is the highest common divisor of q and 3?
1
Let z be (-6 + 2 + 44/14)/(2/(-28)). Calculate the highest common divisor of 35340 and z.
12
Suppose 0 = -132*g - 6392 + 13518 + 8186. Calculate the highest common factor of g and 4901.
29
Let p(v) = -v**2 - 3*v + 168. Let u be p(-16). Let d be (-24)/u - (-3 - 1416/15). What is the greatest common divisor of d and 28?
14
Let r be ((360/21)/4)/(1/7). Let o = 135 + -91. Suppose 0 = 4*d + 2*m - 230 + o, d = 5*m + 30. Calculate the greatest common divisor of r and d.
15
Let c(h) = -13*h**3 + 9*h + 1. Let i(o) = 27*o**3 + o**2 - 18*o - 1. Let r(x) = 5*c(x) + 2*i(x). Let z be r(-2). What is the highest common factor of z and 18?
9
Suppose -2*q + 2228 = -2*x, -3*q + 177*x + 3338 = 175*x. What is the greatest common factor of 150 and q?
30
Suppose 0 = -n + 3*y + 10809, 2*n - 32413 = -n - 5*y. Calculate the greatest common factor of 6 and n.
6
Suppose 3*h - 65 = -i, -4*h + 44 = -4*i - 48. Suppose -29*n + h*n = -1127. What is the greatest common factor of n and 69?
23
Let x = 30 + 222. Let n = 300 - x. Calculate the greatest common divisor of n and 136.
8
Let i = 8656 + -8652. Calculate the greatest common factor of 474 and i.
2
Suppose 0 = 5*h - 30, 0 = 3*i + 1039*h - 1035*h - 375. Calculate the greatest common divisor of i and 180.
9
Let p(t) = -2*t**3 + 23*t**2 - 10*t + 1. Suppose 5*f + 5 = 0, -4*n + 2*f + 30 = 4*f. Let s be p(n). What is the highest common divisor of 41 and s?
41
Let m = 32107 - 31959. Calculate the highest common factor of 18019 and m.
37
Suppose 155 = -14*m + 533. Calculate the highest common divisor of 9702 and m.
9
Suppose k - 9 = d, 4*k + 21 = -4*d + 89. Calculate the greatest common divisor of 117 and k.
13
Suppose -227685 - 1885779 + 307153 = -247*l. Calculate the highest common factor of 71 and l.
71
Let s = -26744 + 26756. Calculate the highest common factor of s and 12.
12
Let q = 6 - 14. Let w be (-266)/(-18) + q/(-36). Let f be 115 - ((-9)/15 - 66/15). What is the highest common divisor of f and w?
15
Let d = -64 - -98. Let h = 627 + -494. Let i = h + -48. What is the highest common divisor of d and i?
17
Let j(m) = 4*m - 50. Let l be 2/(1*-2) - (9 + -36). Let y be j(l). Calculate the highest common divisor of y and 54.
54
Let c(u) = -u**2 - 331*u - 11886. Let f be c(-41). Calculate the greatest common divisor of 1436 and f.
4
Suppose 5*k + 2*a = 497, k + a = 157 - 60. Let v = -150219 + 150320. What is the greatest common factor of k and v?
101
Suppose 250 = 4*d + 1142. Let p = -213 - d. Calculate the greatest common divisor of p and 75.
5
Let s = 10 - -16. Let g(u) = -u**3 + 16*u**2 - 14*u - 4. Let r be g(15). Suppose r*y = 27*y - 208. Calculate the highest common divisor of s and y.
13
Let k(l) = 54*l - 50. Let u be k(-3). Let p = -204 - u. What is the greatest common divisor of 200 and p?
8
Let s = -5390 + 5615. Suppose j = 3*j - 100. What is the highest common divisor of s and j?
25
Suppose 140 + 295 = 3*k. Let c = k - 79. Let m = c - 52. Calculate the greatest common factor of m and 42.
14
Let y be (-581)/2324 - 3362/(-8). What is the highest common factor of y and 3675?
105
Let m = -1 + -14. Let y be 3 + (5/m)/(1/3). Let d be 3272/14 + y/7. Calculate the greatest common factor of 26 and d.
26
Suppose 627*f - 626*f - 63 = -2*z, -2*z + 4*f + 78 = 0. Suppose -2*q = 2*q - 2112. What is the greatest common factor of q and z?
33
Suppose 14*n - 253 - 1217 = 0. Suppose 101 + 39 = 2*t. What is the highest common divisor of n and t?
35
Let n(m) be the third derivative of m**5/30 + 17*m**4/24 + 10*m**3/3 + 2*m**2 + 4*m. Let y be n(-9). What is the greatest common factor of y and 29?
29
Let k be 3 + (-17 - -5)/12. Calculate the greatest common divisor of 327 and k.
1
Let d = -8344 - -8447. What is the highest common divisor of d and 5459?
103
Suppose -1 + 153 = 4*v. Let z = 235 + -243. Let u be z/(-4) - 9*-4. What is the highest common divisor of v and u?
38
Suppose -4*b = -12, -11*n - 3*b + 149 = -6*n. Let p = 10 + n. Let c(u) = u**3 + 9*u**2 - u - 10. Let m be c(-7). What is the greatest common factor of p and m?
19
Let x = 94 + -50. Suppose -4*n = -5*n + x. What is the highest common factor of 12 and n?
4
Let u = -13 - -31. Let f(s) = 55*s**3 - 6*s**2 + 19*s - 14. Let v be f(1). What is the greate